e g(-20).
-190
Let p(s) = s**3 + 9*s**2 - 8*s. What is p(-10)?
-20
Let q(b) = -b**2 + 12*b + 6. Calculate q(14).
-22
Let i(m) = -245*m + 1234. Give i(5).
9
Let f(t) = 2*t + 10. Give f(12).
34
Let w(h) = h**3 + 3*h**2 - 6*h - 28. Calculate w(-3).
-10
Let t(f) = 3*f + 16. What is t(-16)?
-32
Let n(w) = -w**3 + 12*w**2 + 7*w - 83. What is n(12)?
1
Let l(q) = -q**3 - 14*q**2 + 4*q + 8. What is l(-14)?
-48
Let f(g) = g**3 + 10*g**2 - 38*g + 14. Give f(-13).
1
Let z(b) = b**2 + 8*b - 23. Calculate z(-11).
10
Let o(d) = d**2 - 40*d + 115. Determine o(37).
4
Let i(j) = j**3 - 10*j**2 - 11*j + 4. Give i(11).
4
Let c(g) = -33*g - 19. Determine c(2).
-85
Let t(u) = 9*u**3 - u**2 + 2*u + 2. What is t(-1)?
-10
Let z(o) = -8*o**2 + 27*o + 13. What is z(4)?
-7
Let o(f) = f**3 + 8*f**2 + 3*f - 5. Calculate o(-7).
23
Let k(a) = a**2 - 25*a + 1. Calculate k(25).
1
Let w(n) = -35*n + 147. What is w(6)?
-63
Let u(b) = 6*b - 12. Determine u(3).
6
Let n(p) = -6*p**2 + p + 1. Calculate n(-2).
-25
Let h(b) = -b**3 - 8*b**2 - 5*b + 3. Give h(-7).
-11
Let s(x) = -4*x - 67. Determine s(-14).
-11
Let b(o) = o**3 - 9*o**2 - 19*o + 9. Calculate b(10).
-81
Let g(c) = -c**2 + 11*c + 7. Calculate g(12).
-5
Let l(o) = -29*o - 17. Calculate l(-7).
186
Let q(a) = -a**3 + 24*a**2 - 4*a + 56. Determine q(24).
-40
Let g(z) = z**3 - 12*z**2 + 11*z + 10. Determine g(11).
10
Let z(c) = -8*c. Calculate z(-1).
8
Let d(l) = -l**2 + 2*l + 5. Calculate d(4).
-3
Let f(s) = s**2 + 6*s + 4. Calculate f(-9).
31
Let h(w) = w**3 + 6*w**2 + 2*w - 3. Determine h(-5).
12
Let n(h) = -h**2 - 8*h + 19. Determine n(-17).
-134
Let x(a) = -a**3 - 19*a**2 - 30*a + 72. Determine x(-17).
4
Let l(w) = -w**3 + 14*w**2 - 12*w - 11. Calculate l(13).
2
Let b(j) = 26*j**2 + 4*j + 1. Give b(-2).
97
Let q(m) = m + 19. What is q(-12)?
7
Let u(s) = 24*s - 91. What is u(4)?
5
Let b(h) = h**3 - 13*h**2 - 3*h + 17. Give b(13).
-22
Let a(j) = j**2 - 36*j + 282. Calculate a(25).
7
Let v(d) = -2*d**2 - 8*d + 32. Give v(-6).
8
Let o(c) = c**3 - 7*c**2 + 4*c - 1. What is o(5)?
-31
Let o(k) = -4*k + 14. What is o(6)?
-10
Let x(j) = -j - 27. Calculate x(-11).
-16
Let f(o) = -o**3 + 17*o**2 - 15*o - 2. What is f(16)?
14
Let y(z) = -5*z**2 + 24*z + 42. Calculate y(6).
6
Let k(p) = -p**3 - 15*p**2 - 13*p + 8. What is k(-14)?
-6
Let h(b) = b**3 - 5*b**2 + 5*b - 30. Give h(6).
36
Let s(q) = -q**3 - 11*q**2 + 14*q - 6. Calculate s(-12).
-30
Let s(k) = k**3 + 12*k**2 - k - 9. Give s(-12).
3
Let k(p) = 2*p**3 + 4*p**2 + p - 3. Calculate k(-2).
-5
Let q(p) = -p**3 - 2*p**2 + p + 3. What is q(2)?
-11
Let k(m) = -16*m + 57. Determine k(4).
-7
Let d(m) = -14*m - 372. What is d(-26)?
-8
Let k(q) = -11*q - 6. Calculate k(12).
-138
Let t(u) = u**3 - 15*u**2 + 2*u - 25. What is t(15)?
5
Let b(w) = -2*w**2 + 2*w + 1. Calculate b(-1).
-3
Let t(k) = 4*k + 8. Calculate t(-8).
-24
Let n(m) = -2*m**2 - 35*m + 215. What is n(5)?
-10
Let d(j) = -j**2 - 3*j - 2. Determine d(3).
-20
Let o(t) = 70*t - 1. Calculate o(-1).
-71
Let s(b) = 4*b - 16. Give s(-7).
-44
Let z(j) = -j**2 - 14*j - 13. Calculate z(-2).
11
Let o(q) = q**2 - 20*q + 7. Determine o(20).
7
Let w(n) = 16*n**2 + 193*n + 1. Determine w(-12).
-11
Let z(q) = q**2 - 11*q + 6. What is z(11)?
6
Let z(i) = 3*i**2 + 2*i - 6. Give z(2).
10
Let p(c) = c**3 + 11*c**2 + 15*c - 22. Calculate p(-9).
5
Let l(a) = a**3 + 6*a**2 + 2*a - 4. Calculate l(-5).
11
Let m(s) = -s**2 + 13*s. Calculate m(13).
0
Let o(d) = d - 5. What is o(2)?
-3
Let v(t) = t**3 - 3*t**2 + 3. Determine v(3).
3
Let v(j) = j**3 - 2*j**2 + 8. Calculate v(-2).
-8
Let l(o) = -5*o - 37. Calculate l(-11).
18
Let l(u) = u**3 - 20*u**2 + 86*u - 27. Determine l(14).
1
Let p(q) = q**2 + 5*q - 2. What is p(5)?
48
Let g(w) = 9*w + 263. Give g(-30).
-7
Let q(z) = -5*z + 1. Determine q(1).
-4
Let o(t) = -t**3 - 27*t**2 - 50*t + 6. Calculate o(-25).
6
Let x(r) = -8*r + 13. Calculate x(6).
-35
Let r(b) = b**2 - 8*b + 9. What is r(7)?
2
Let v(p) = p**3 + 39*p**2 - 39*p + 14. Determine v(-40).
-26
Let u(v) = -2*v - 3. What is u(6)?
-15
Let p(o) = o**2 - 17*o + 15. What is p(16)?
-1
Let t(o) = -o**3 + 9*o**2 - 9*o + 18. Calculate t(8).
10
Let h(j) = -j**2 + 9*j + 50. Calculate h(13).
-2
Let f(g) = -5*g + 42. Give f(6).
12
Let p(t) = 8*t + 13. Give p(0).
13
Let z(s) = -s**3 - 4*s**2 + 7*s - 23. What is z(-6)?
7
Let m(y) = 12*y + 42. Determine m(-5).
-18
Let w(q) = -q**2 + 11*q + 24. Calculate w(7).
52
Let y(x) = x + 9. What is y(-13)?
-4
Let g(d) = -6*d - 72. Calculate g(-13).
6
Let r(u) = -u**3 + 21*u**2 + 40*u + 22. Give r(23).
-116
Let m(h) = -2*h - 28. Determine m(-10).
-8
Let k(i) = -12*i**3 + i. Calculate k(1).
-11
Let h(z) = 2*z**3 - 41*z**2 - 23*z + 37. Calculate h(21).
-5
Let d(g) = 4*g**2 - 13*g + 1. Calculate d(4).
13
Let l(m) = -157*m + 7. Determine l(1).
-150
Let v(o) = 3*o + 2. Determine v(6).
20
Let v(l) = 4*l + 1. Calculate v(-1).
-3
Let g(q) = -q**3 + 11*q**2 - 28*q - 13. Calculate g(7).
-13
Let w(f) = -2*f**2 + 46*f - 58. Give w(22).
-14
Let x(q) = -6*q - 85. What is x(-14)?
-1
Let g(c) = c**2 + 6*c - 19. What is g(4)?
21
Let f(n) = n**2 - 32*n + 162. Calculate f(26).
6
Let i(x) = 6*x + 86. What is i(-14)?
2
Let a(m) = -m**3 - 10*m**2 + 13*m + 18. Calculate a(-11).
-4
Let b(i) = -i**3 - i**2 - 2*i - 3. Calculate b(-4).
53
Let l(g) = g**2 - 10*g + 8. Determine l(6).
-16
Let b(t) = t**3 + 3*t**2 - 2*t + 1. Determine b(-4).
-7
Let m(k) = -k**2 - 7*k - 3. Determine m(-5).
7
Let t(k) = -22*k + 24. Determine t(-2).
68
Let q(v) = -62*v + 1. Give q(-1).
63
Let m(f) = f**3 + 10*f**2 + 5*f + 10. Determine m(-9).
46
Let w(q) = -q**3 + 2*q**2 + 3*q - 3. Determine w(2).
3
Let j(g) = g**3 + 2*g - 50. Calculate j(0).
-50
Let u(p) = p**3 + p**2 + 10*p + 30. Determine u(-3).
-18
Let c(i) = -3*i**2 - i - 4. Give c(0).
-4
Let n(s) = -s**2 + 21*s - 55. Calculate n(18).
-1
Let c(z) = -z**2 + 5*z - 9. What is c(7)?
-23
Let m(l) = 18*l**3 - l**2 + 1. Give m(-1).
-18
Let f(g) = 11*g + 1. Determine f(-1).
-10
Let t(k) = 2*k**3 - 9*k**2 + 2*k. Calculate t(4).
-8
Let j(b) = 5*b + 48. Give j(-8).
8
Let l(w) = w**2 + 12*w + 11. Determine l(-7).
-24
Let p(x) = -x**3 + 5*x**2 + 6*x - 5. Determine p(6).
-5
Let w(s) = s**2 + 232*s + 461. Determine w(-2).
1
Let k(q) = -q**2 + 10*q + 27. Calculate k(14).
-29
Let l(h) = 8*h + 2. Give l(-2).
-14
Let j(w) = -5*w**2 + 9*w + 4. Determine j(4).
-40
Let v(y) = y**2 + 11*y + 12. Give v(-10).
2
Let k(c) = 5*c**2 + 21*c - 3. Determine k(-5).
17
Let z(x) = -x**2 - 26*x - 5. Determine z(-26).
-5
Let m(l) = -5*l - 237. Give m(-46).
-7
Let x(n) = -n - 1. Give x(-7).
6
Let v(n) = -n**2 - 28*n - 94. What is v(-24)?
2
Let t(i) = -4*i. Give t(1).
-4
Let o(q) = q**2 + 11*q + 19. What is o(-8)?
-5
Let g(a) = a**2 - 13*a - 16. Calculate g(14).
-2
Let n(u) = 24*u + 3. What is n(-1)?
-21
Let f(k) = -k**2 - 16*k - 20. Give f(-11).
35
Let a(y) = y**3 - 5*y**2 - 4*y + 4. Give a(5).
-16
Let w(g) = -g**2 - 18*g + 28. What is w(-19)?
9
Let l(m) = m**3 - m + 4. Calculate l(0).
4
Let p(t) = t**2 + 4*t + 2. Calculate p(-3).
-1
Let t(c) = 2*c + 1. What is t(-1)?
-1
Let l(u) = -u. Calculate l(8).
-8
Let y(v) = 3*v**2 + 92*v - 37. What is y(-31)?
-6
Let g(k) = k**2 - 26*k - 38. Determine g(27).
-11
Let h(j) = 9*j - 48. Determine h(-12).
-156
Let y(c) = -3*c**2 + 104*c + 42. What is y(35)?
7
Let r(t) = -6*t + 5. Determine r(-4).
29
Let y(c) = c**3 + 7*c**2 + 11*c - 4. Calculate y(-6).
-34
Let k(y) = -6*y + 81. What is k(17)?
-21
Let i(t) = t**3 - 2*t**2 - t. Determine i(4).
28
Let p(q) = -q**3 + 9*q**2 - q + 29. What is p(9)?
20
Let w(x) = x**3 - 5*x**2 - 22*x + 56. What is w(7)?
0
Let a(o) = -o**2 + 2*o + 41. Calculate a(8).
-7
Let o(f) = -f + 3. Determine o(5).
-2
Let q(z) = 2*z - 31. What is q(18)?
5
Let u(f) = f**3 - 18*f**2 - 27*f + 164. Give u(19).
12
Let o(z) = 40*z - 12. What is o(1)?
28
Let o(w) = -10*w - 247. Give o(-24).
-7
Let j(r) = -2*r**2 - 62*r + 61. Calculate j(-32).
-3
Let p(f) = -f**3 - 10*f**2 + 14*f + 15. What is p(-11)?
-18
Let m(g) = -3*g**2 + 15*g - 26. Give m(4).
-14
Let y(x) = x**3 - 8*x**2 - 6*x - 21. What is y(9)?
6
Let p(h) = -8*h - 12. Determine p(-7).
44
Let w(j) = -j**3 + j**2 - 2*j - 19. Calculate w(0).
-19
Let z(d) = -40*d**2 + 4*d + 3. Give z(-1).
-41
Let k(c) = -c**2 - 11*c + 49. Give k(-14).
7
Let w(s) = s**2 - 1